{"id":10,"date":"2026-01-12T13:47:42","date_gmt":"2026-01-12T13:47:42","guid":{"rendered":"https:\/\/melekdalkin.com.tr\/?page_id=10"},"modified":"2026-01-12T13:59:01","modified_gmt":"2026-01-12T13:59:01","slug":"yapim-asamasi","status":"publish","type":"page","link":"https:\/\/melekdalkin.com.tr\/","title":{"rendered":"Yap\u0131m A\u015famas\u0131"},"content":{"rendered":"\t\t<div data-elementor-type=\"wp-post\" data-elementor-id=\"10\" class=\"elementor elementor-10\">\n\t\t\t\t<div class=\"elementor-element elementor-element-ab49ff4 e-flex e-con-boxed e-con e-parent\" data-id=\"ab49ff4\" data-element_type=\"container\">\n\t\t\t\t\t<div class=\"e-con-inner\">\n\t\t\t\t<div class=\"elementor-element elementor-element-e97f9cc elementor-widget elementor-widget-spacer\" data-id=\"e97f9cc\" data-element_type=\"widget\" data-widget_type=\"spacer.default\">\n\t\t\t\t\t\t\t<div class=\"elementor-spacer\">\n\t\t\t<div class=\"elementor-spacer-inner\"><\/div>\n\t\t<\/div>\n\t\t\t\t\t\t<\/div>\n\t\t\t\t\t<\/div>\n\t\t\t\t<\/div>\n\t\t<div class=\"elementor-element elementor-element-2a8b569 e-flex e-con-boxed e-con e-parent\" data-id=\"2a8b569\" data-element_type=\"container\">\n\t\t\t\t\t<div class=\"e-con-inner\">\n\t\t<div class=\"elementor-element elementor-element-450b699 e-con-full e-flex e-con e-child\" data-id=\"450b699\" data-element_type=\"container\">\n\t\t\t\t<\/div>\n\t\t\t\t\t<\/div>\n\t\t\t\t<\/div>\n\t\t<div class=\"elementor-element elementor-element-d7ce2e1 e-flex e-con-boxed e-con e-parent\" data-id=\"d7ce2e1\" data-element_type=\"container\">\n\t\t\t\t\t<div class=\"e-con-inner\">\n\t\t\t\t<div class=\"elementor-element elementor-element-a8d555c elementor-widget elementor-widget-heading\" data-id=\"a8d555c\" data-element_type=\"widget\" data-widget_type=\"heading.default\">\n\t\t\t\t\t<h2 class=\"elementor-heading-title elementor-size-default\">YAPIM A\u015eAMASINDAYIZ<\/h2>\t\t\t\t<\/div>\n\t\t\t\t\t<\/div>\n\t\t\t\t<\/div>\n\t\t<div class=\"elementor-element elementor-element-61a390a e-flex e-con-boxed e-con e-parent\" data-id=\"61a390a\" data-element_type=\"container\">\n\t\t\t\t\t<div class=\"e-con-inner\">\n\t\t<div class=\"elementor-element elementor-element-4506a11 e-con-full e-flex e-con e-child\" data-id=\"4506a11\" data-element_type=\"container\">\n\t\t\t\t<\/div>\n\t\t<div class=\"elementor-element elementor-element-9e2a437 e-con-full e-flex e-con e-child\" data-id=\"9e2a437\" data-element_type=\"container\">\n\t\t\t\t<div class=\"elementor-element elementor-element-5fcc1f3 elementor-widget elementor-widget-text-editor\" data-id=\"5fcc1f3\" data-element_type=\"widget\" data-widget_type=\"text-editor.default\">\n\t\t\t\t\t\t\t\t\t<p style=\"text-align: center;\">YAKIN ZAMANDA S\u0130ZE H\u0130ZMET VERMEYE BA\u015eLAYACA\u011eIZ&#8230;<\/p>\t\t\t\t\t\t\t\t<\/div>\n\t\t\t\t<\/div>\n\t\t<div class=\"elementor-element elementor-element-a81dd0e e-con-full e-flex e-con e-child\" data-id=\"a81dd0e\" data-element_type=\"container\">\n\t\t\t\t<\/div>\n\t\t\t\t\t<\/div>\n\t\t\t\t<\/div>\n\t\t\t\t<\/div>\n\t\t","protected":false},"excerpt":{"rendered":"<p>YAPIM A\u015eAMASINDAYIZ YAKIN ZAMANDA S\u0130ZE H\u0130ZMET VERMEYE BA\u015eLAYACA\u011eIZ&#8230;<\/p>\n","protected":false},"author":1,"featured_media":0,"parent":0,"menu_order":0,"comment_status":"closed","ping_status":"closed","template":"elementor_canvas","meta":{"footnotes":""},"class_list":["post-10","page","type-page","status-publish","hentry"],"_links":{"self":[{"href":"https:\/\/melekdalkin.com.tr\/index.php?rest_route=\/wp\/v2\/pages\/10","targetHints":{"allow":["GET"]}}],"collection":[{"href":"https:\/\/melekdalkin.com.tr\/index.php?rest_route=\/wp\/v2\/pages"}],"about":[{"href":"https:\/\/melekdalkin.com.tr\/index.php?rest_route=\/wp\/v2\/types\/page"}],"author":[{"embeddable":true,"href":"https:\/\/melekdalkin.com.tr\/index.php?rest_route=\/wp\/v2\/users\/1"}],"replies":[{"embeddable":true,"href":"https:\/\/melekdalkin.com.tr\/index.php?rest_route=%2Fwp%2Fv2%2Fcomments&post=10"}],"version-history":[{"count":17,"href":"https:\/\/melekdalkin.com.tr\/index.php?rest_route=\/wp\/v2\/pages\/10\/revisions"}],"predecessor-version":[{"id":29,"href":"https:\/\/melekdalkin.com.tr\/index.php?rest_route=\/wp\/v2\/pages\/10\/revisions\/29"}],"wp:attachment":[{"href":"https:\/\/melekdalkin.com.tr\/index.php?rest_route=%2Fwp%2Fv2%2Fmedia&parent=10"}],"curies":[{"name":"wp","href":"https:\/\/api.w.org\/{rel}","templated":true}]}}